17*m**2 - 34*m - 127. Determine n(-4).
-135
Let h(a) = -36*a - 161. What is h(-3)?
-53
Let v(u) = u**2 + 19*u + 63. Give v(-5).
-7
Let r(u) = 4*u**3 - 8*u**2 + 6*u. What is r(5)?
330
Let h(b) = 6*b**3 + 103*b**2 + 19*b + 28. Calculate h(-17).
-6
Let h(t) = 3*t - 48. Give h(31).
45
Let c(u) = 128*u + 1275. Calculate c(-10).
-5
Let b(l) = 68*l - 394. What is b(2)?
-258
Let n(t) = -793*t - 7923. Calculate n(-10).
7
Let y(s) = s**3 - 69*s**2 + 883*s + 58. Give y(52).
6
Let v(n) = -n**3 + 61*n**2 + 300*n + 1976. Calculate v(66).
-4
Let r(w) = -865*w - 849. Give r(-1).
16
Let j(d) = 4*d**3 + 6*d**2 + 7*d - 22. Determine j(3).
161
Let w(l) = -90*l**2 + 2*l - 3. Calculate w(-1).
-95
Let m(u) = u**2 - 23*u - 628. Give m(-16).
-4
Let o(s) = -24*s + 38. What is o(5)?
-82
Let b(a) = a**2 + 14*a - 522. Calculate b(16).
-42
Let g(w) = w**3 - 5*w**2 - 15*w + 57. Calculate g(7).
50
Let t(a) = -245*a - 1456. Determine t(-6).
14
Let w(o) = -14*o - 825. Calculate w(-52).
-97
Let w(u) = -4*u**2 - 135*u - 80. Give w(-33).
19
Let z(b) = -33*b - 168. What is z(-6)?
30
Let v(x) = 4*x**2 - 3*x - 8. Give v(0).
-8
Let q(c) = -c**2 + 165*c - 4125. Determine q(134).
29
Let j(a) = 2*a**2 - 25*a - 43. What is j(17)?
110
Let z(q) = -106*q - 1914. Give z(-18).
-6
Let v(y) = 14*y**2 + 61*y + 10. What is v(-5)?
55
Let p(a) = -a**2 - 126*a - 482. Determine p(-4).
6
Let f(a) = 282*a + 14684. What is f(-52)?
20
Let m(c) = -102*c - 3462. Calculate m(-34).
6
Let x(m) = 3*m**3 - 144*m**2 - 2*m + 106. Give x(48).
10
Let k(t) = 49*t**2 + 720*t - 185. Give k(-15).
40
Let u(p) = -135*p - 20661. What is u(-153)?
-6
Let z(h) = -h**2 - 15*h + 75. What is z(-19)?
-1
Let i(p) = 17019*p - 51071. Calculate i(3).
-14
Let b(s) = -52*s - 2307. Calculate b(-45).
33
Let h(m) = m**2 - 8*m - 64. Calculate h(-6).
20
Let q(p) = 8*p**2 + 17*p - 7. Calculate q(-3).
14
Let s(t) = -199*t - 803. What is s(-4)?
-7
Let k(r) = 2*r**3 + 11*r**2 + 300*r + 1830. Determine k(-6).
-6
Let s(h) = 86*h - 2263. Give s(27).
59
Let g(f) = f**3 - 10*f**2 - 18*f - 79. Give g(12).
-7
Let v(t) = -3*t**2 + 106*t + 105. What is v(36)?
33
Let y(j) = 16*j + 1672. Determine y(-104).
8
Let a(g) = -739*g - 10340. Give a(-14).
6
Let m(f) = 46*f**2 - f + 10. Give m(-3).
427
Let f(z) = -14*z - 74. Determine f(-2).
-46
Let b(j) = 453*j + 11713. What is b(-26)?
-65
Let w(i) = -8*i**2 - 23*i + 12. Determine w(-4).
-24
Let p(w) = -w**3 + 68*w**2 + 16*w - 1001. Calculate p(68).
87
Let n(x) = -20*x + 166. Give n(33).
-494
Let s(a) = -3*a + 288. Give s(25).
213
Let m(v) = 22*v - 381. Calculate m(16).
-29
Let y(j) = 22*j - 1675. Give y(75).
-25
Let h(j) = -j**2 - 31*j - 65. Give h(-30).
-35
Let c(v) = -315*v - 10721. Calculate c(-34).
-11
Let j(k) = k**3 - 79*k**2 + 398*k + 2927. Determine j(73).
7
Let v(p) = 86*p - 851. Give v(10).
9
Let f(g) = g**2 - 36*g + 192. What is f(30)?
12
Let l(c) = c**3 + 2*c - 232. Give l(0).
-232
Let h(d) = -d**3 - 6*d**2 + 23*d + 74. Calculate h(-4).
-50
Let z(u) = 81*u + 3568. Give z(-44).
4
Let c(t) = -t**3 + 2*t**2 - 193*t. Determine c(0).
0
Let j(u) = 11*u**3 + 5*u**2 + 4*u - 18. Calculate j(2).
98
Let t(d) = 21*d**2 + 27*d - 35. What is t(-4)?
193
Let g(j) = -j**2 - 11*j + 48. What is g(-13)?
22
Let t(z) = 141*z**2 + 32008*z + 232. What is t(-227)?
5
Let o(f) = 6*f + 287. Give o(-67).
-115
Let s(b) = b**3 + 2*b**2 + 8*b + 30. Calculate s(-3).
-3
Let b(i) = 267*i - 3208. Determine b(12).
-4
Let k(b) = 5299*b + 26496. What is k(-5)?
1
Let f(a) = -3*a**3 + 4*a**2 + 23*a - 66. What is f(2)?
-28
Let y(c) = 3*c**3 + 12*c**2 + 42*c + 162. Give y(-4).
-6
Let v(r) = -2*r**3 - 21*r**2 - 19*r - 9. Determine v(-10).
81
Let b(s) = 9*s - 64. What is b(46)?
350
Let y(v) = -8807*v + 202554. What is y(23)?
-7
Let y(i) = -3*i**3 - 91*i**2 - 27*i + 68. Determine y(-30).
-22
Let c(r) = -r**3 - 114*r**2 - 1486*r - 99. What is c(-99)?
0
Let w(o) = -3*o**2 - 55*o + 42. Calculate w(-26).
-556
Let m(n) = n**3 + 25*n**2 - 7*n - 74. What is m(-25)?
101
Let u(z) = 5*z**2 - 68*z + 43. What is u(19)?
556
Let l(x) = 12*x + 155. Give l(-13).
-1
Let o(u) = u**3 - 122*u**2 + 1015*u + 232. What is o(113)?
6
Let h(y) = -y**2 - 64*y - 1260. What is h(-38)?
-272
Let t(u) = 71*u - 134. Give t(2).
8
Let m(q) = 38*q**2 + 10*q - 10. Determine m(1).
38
Let g(a) = 3*a**2 - 28*a + 106. Determine g(10).
126
Let x(i) = 136*i + 4634. What is x(-34)?
10
Let b(f) = -f**3 + 5*f**2 + 121*f - 17. What is b(-9)?
28
Let t(x) = 2*x**2 - 42*x - 44. Calculate t(30).
496
Let f(v) = 55*v**2 - 1541*v + 56. Give f(28).
28
Let o(l) = -l**2 + 57*l - 711. Give o(38).
11
Let p(f) = -270*f - 90725. Calculate p(-336).
-5
Let n(k) = -10295*k - 72054. Calculate n(-7).
11
Let o(k) = -364*k + 5. What is o(-1)?
369
Let w(t) = 2*t**2 - 3*t - 28. Give w(-10).
202
Let b(u) = -6*u**2 + 18*u - 32. Give b(4).
-56
Let w(a) = -4*a**2 - 51*a + 7. Give w(-14).
-63
Let p(o) = -3*o**2 + 285*o + 1768. Determine p(-6).
-50
Let l(k) = 3*k**3 + 102*k**2 - 2*k - 94. Determine l(-34).
-26
Let y(p) = -p**3 - 2*p**2 + 29*p - 235. Determine y(8).
-643
Let n(h) = 586*h - 8740. What is n(15)?
50
Let f(n) = -3*n**3 - 65*n**2 + 40*n + 374. Calculate f(-22).
-22
Let y(z) = -z**3 - 47*z**2 + 56*z + 308. Determine y(-48).
-76
Let o(f) = 7194*f - 28770. Give o(4).
6
Let d(s) = 4*s**3 - 2*s**2 - 2*s - 7. Determine d(-3).
-127
Let r(l) = l**3 + 2*l**2 + 5*l - 25. Determine r(-6).
-199
Let n(v) = v**3 - 6*v**2 - 23*v + 151. Determine n(6).
13
Let s(j) = j**3 - 8*j**2 - 26*j + 177. Calculate s(8).
-31
Let u(f) = -281*f - 1694. Determine u(-6).
-8
Let k(c) = -173*c - 2259. Calculate k(-13).
-10
Let s(x) = 6*x**3 + 66*x**2 - x - 6. Determine s(-11).
5
Let y(j) = -j**3 + 42*j**2 - 87*j + 341. Determine y(40).
61
Let a(s) = 26*s - 61. What is a(2)?
-9
Let b(h) = h**3 - 10*h**2 + 31*h - 61. Calculate b(6).
-19
Let c(r) = 8*r**2 + 33*r + 67. Determine c(-2).
33
Let i(a) = 5*a**2 + 91*a - 78. What is i(-19)?
-2
Let f(a) = -a**3 + 12*a**2 + 21*a - 4. Give f(14).
-102
Let r(l) = l**3 - 13*l**2 + 9*l + 23. Determine r(12).
-13
Let g(v) = 24*v + 465. What is g(-17)?
57
Let i(r) = -r**3 - 31*r**2 + 328*r - 124. Give i(8).
4
Let b(r) = -3*r**2 - 127*r - 496. Give b(-38).
-2
Let l(o) = o**3 + 48*o**2 + 41*o - 247. What is l(-47)?
35
Let p(b) = -b**3 + 43*b**2 - 93*b + 423. Calculate p(41).
-28
Let t(j) = -5*j**3 - j**2 - 6*j + 9. What is t(-3)?
153
Let p(o) = 14*o - 326. Give p(15).
-116
Let a(s) = -6*s**2 + 265*s - 538. What is a(42)?
8
Let m(p) = -2*p**2 - 47*p - 38. Determine m(-3).
85
Let k(w) = -w**3 + 63*w**2 + 58*w + 345. Give k(64).
-39
Let p(h) = 65*h + 167. Calculate p(-4).
-93
Let u(q) = 33*q - 824. Give u(16).
-296
Let f(i) = i**3 - 36*i**2 - 34*i - 119. Give f(37).
-8
Let i(c) = -376*c + 695. Calculate i(2).
-57
Let k(q) = -4*q**2 - 53*q - 200. What is k(-8)?
-32
Let q(f) = -490*f - 45076. Give q(-92).
4
Let i(v) = -20*v**2 - 169*v - 336. What is i(-5)?
9
Let d(m) = 75*m - 1052. Give d(15).
73
Let a(u) = 7*u**3 - 302*u**2 - 581*u - 183. Give a(45).
-3
Let n(i) = i**3 + 3*i**2 + 225*i - 721. Determine n(3).
8
Let z(c) = -3418*c - 44377. What is z(-13)?
57
Let u(z) = 2051*z + 108699. What is u(-53)?
-4
Let v(o) = 2*o**3 + 3*o**2 - 25*o - 89. Give v(-4).
-69
Let h(k) = -k + 149. Give h(143).
6
Let o(t) = t**3 + t**2 + 3*t - 112. Calculate o(0).
-112
Let n(k) = -k**3 + 26*k**2 + 60*k - 116. Calculate n(28).
-4
Let r(u) = 717*u + 2846. Give r(-4).
-22
Let r(y) = -y**3 - 25*y**2 + 13*y + 253. What is r(-25)?
-72
Let z(k) = -56*k + 125. Give z(3).
-43
Let n(u) = -22*u + 1266. Give n(53).
100
Let b(d) = 12*d**2 - 353*d - 227. Determine b(30).
-17
Let u(a) = 9*a**2 + 51*a + 1. What is u(-6)?
19
Let x(n) = 2*n**3 + 7*n**2 + 9*n - 10. Calculate x(-5).
-130
Let f(o) = o**2 - 335*o + 2907. What is f(9)?
-27
Let n(z) = 643*z + 9065. Calculate n(-14).
63
Let g(i) = -i**3 - 13*i**2 + 32*i + 48. Give g(-15).
18
Let r(d) = -2*d**2 - 16*d - 150. Give r(-20).
-630
Let w(v) = 4*v**2 - 41*v + 112. Give w(4).
12
Let s(y) = y**3 + 12*y**2 - 105*y + 70. Calculate s(-18).
16
Let q(j) = 104*j - 14765. Determine q(142).
3
Let h(s) = s**3 - 6*s**2 - 116*s + 688. Determine h(6).
-8
Let s(j) = j**2 + 86*j - 12303. Give s(76).
9
Let a(p) = -p**3 + 42*p**2 + 91*p - 152. Give a(44).
-20
Let h(l) = 4*l**2 + 399*l + 1060. Calculate h(-97).
-7
